 0 = -3*j - 2*x + v, -4*j + 1998 = j + 4*x. Is j a prime number?
False
Let l = -2358 - -4278. Is (-1 + l/(12/3))*1 a composite number?
False
Suppose -7*i = -15772 + 1415. Is i a composite number?
True
Let b = 731 + -439. Let w = -112 - -181. Let i = b - w. Is i a composite number?
False
Suppose 4*g - 5*v = -193, 0*v = -3*g + 2*v - 150. Let d = g - -147. Is d a prime number?
False
Let p(z) = 4*z**3 + 13*z**2 + 33*z - 117. Let s(c) = 4*c**3 + 12*c**2 + 33*c - 118. Let t(b) = -5*p(b) + 6*s(b). Is t(19) a prime number?
True
Let q be 38/14 - (-18)/63. Suppose -3 - q = -t. Is 1906/12 + t/36 a prime number?
False
Suppose 120 = 4*v + v. Let y = v - 21. Suppose -4*q + 3*q - 4701 = -y*m, 7835 = 5*m - 2*q. Is m a composite number?
False
Let t(m) = -8*m**2 - 10*m - 18. Let b be t(18). Let x = b + 6779. Is x prime?
True
Let l(u) = -2*u**2 + 13*u - 7. Let v be l(6). Let x be -5 - v - ((-8)/(-2) + -4). Is (6/x)/((-18)/1956) prime?
True
Suppose 9929074 + 15434078 = 144*r. Is r a composite number?
True
Let s(g) = g**2 + g - 3. Let y be s(0). Let u(m) be the second derivative of 13*m**4/6 + m**3/6 - 4*m**2 + 29*m - 1. Is u(y) prime?
True
Let x = 93 - 92. Is 0 - (((-10)/(-2) - x) + -2207) a prime number?
True
Suppose 8794168 + 3245810 = 102*w. Is w a prime number?
False
Let v = -4175 - -2029. Let w = v + 10727. Is w a prime number?
True
Let a = -6345 - -6341. Let z(f) = -147*f**2 - 17*f - 8. Let q(p) = 49*p**2 + 6*p + 3. Let l(x) = -17*q(x) - 6*z(x). Is l(a) prime?
False
Let r = -11504 - -17611. Is r prime?
False
Let m be (-2 - ((-22119 - 2) + -4)) + -3. Suppose -3*q - 2281 + m = 0. Is q a composite number?
True
Let q(t) = t + 39. Suppose -5*l - 29 = 1. Let p be q(l). Is (-4045)/(-4) + p/12 + -3 composite?
True
Let m = 35650 + 96223. Is m prime?
False
Suppose -81*a + 21*a = 9635895 - 34005675. Is a composite?
True
Let g = 102658 + -34236. Is g composite?
True
Suppose -20*l + 318 = -73*l. Is 113658/(-4)*(5 + 34/l) a composite number?
True
Let k(j) = -37*j - 70. Let r be k(16). Let n = r - -2823. Is n a composite number?
False
Suppose 419*h - 539*h = -20816760. Is h a prime number?
True
Let c(a) = 653*a**2 + 12*a - 198. Is c(11) a composite number?
True
Let m(h) = 109*h**3 - 2*h**2 + 8*h - 31. Let q be m(9). Suppose -26*k + 475606 - q = 0. Is k composite?
False
Suppose 4*r - 6*r - 17 = -5*w, -5*w = -r - 21. Let k(s) = 13*s - 48*s + r - 40*s. Is k(-5) composite?
False
Let k(h) = -17 + 7 - 21 - 42*h - 25*h. Is k(-14) composite?
False
Let d = -122 + 111. Let f(z) = -230*z + 39. Is f(d) composite?
True
Suppose -5*d + 4*n + 687865 = 0, -d + n = -5*d + 550271. Is d a composite number?
True
Let m(x) = x**3 + 15*x**2 + 16*x + 32. Let v be m(-14). Suppose 4*r = -y + 3, 1 = -y - 2*r + v. Suppose -401 = -3*k - 4*u, y*k - u = 6*k - 386. Is k prime?
True
Let f(w) = -223*w**3 + 2*w**2 - 27*w - 101. Is f(-6) prime?
False
Is (95384942/287)/(((-3)/(-21))/(7/14)) a composite number?
False
Let r = -737 + 2352. Let a = r + -353. Is a a composite number?
True
Suppose -60*s = -68*s + 48. Let k(x) = 295*x**2 + 41*x - 249. Is k(s) composite?
True
Let i be 1369 + 14/(56/12). Suppose -5*w - 4*u + 6 = -1, 0 = -5*w + 3*u + 21. Suppose -i = -w*z + 1919. Is z composite?
False
Suppose -4*a + 2*q + 2584 = 66, 0 = 5*a - 2*q - 3144. Suppose -7*d = -2*d - 860. Let x = a - d. Is x prime?
False
Let i(x) be the third derivative of x**6/40 + 7*x**5/120 - 7*x**4/8 + 4*x**3 - 23*x**2. Let p(m) be the first derivative of i(m). Is p(14) composite?
True
Let v(q) = 2*q**2 - 17*q - 7. Let b be v(9). Suppose 0 = -b*z - 26 + 24. Is -2*(z - 494/4) a composite number?
True
Suppose 3*t - 4*a = 1220391, -t + 3*a = -529239 + 122432. Is t a composite number?
False
Is (1527/6 + 5)/(-10 + 247819/24778) composite?
True
Let a = 309239 + 398922. Is a a prime number?
True
Let x = 23279 - -117104. Is x prime?
False
Let r = 6464 + 50795. Is r a composite number?
False
Let i(z) = 170*z**3 - 2*z**2 + z. Suppose 0 = -5*o - 5*b + 10, -5*b = -o - 4*o. Let f be i(o). Suppose -1 = -3*m - 7, -s + f = -5*m. Is s composite?
True
Let a(w) be the third derivative of w**6/120 + w**5/12 + w**4/8 + 7*w**3/6 - w**2. Let s be (5 + -29)*3/18. Is a(s) a composite number?
False
Let y(a) be the first derivative of -a**5/8 - 5*a**4/6 - 32*a**3/3 - 30. Let t(f) be the third derivative of y(f). Is t(-9) a prime number?
False
Suppose 3*b + 2*b - 2*m = 124531, 0 = 5*b - 5*m - 124525. Is b a composite number?
False
Let t be ((-645)/(-2))/(((-375)/980)/(-25)). Let o = t + -3029. Is o a prime number?
True
Let p = 41 - 28. Suppose p*f = -0*f + 96083. Is f prime?
False
Let g(z) = -376*z + 87. Let k be g(23). Let a = 13302 + k. Is a a composite number?
True
Let v be ((-2)/(-4))/(5/(-10))*-4. Suppose -3*z - 5*f + 10481 = 0, 0 = 2*z - v*f + 8*f - 6990. Is z a composite number?
True
Suppose 0 = 3*m - 4*c - 26, -2*m - 4*c - 17 = -1. Suppose -4*j + 10 = -m*s + j, 1 = s - j. Is -251*(3 - (s + -1)) a composite number?
False
Suppose 31 = 3*p - 4*x, -2*p + 35 = -4*x + 9. Suppose p*d - 72 = 6*d. Let k = d - -199. Is k prime?
True
Let v = 215925 + -133816. Is v composite?
True
Let o be 4/22 - (-670)/(-55). Let g be (-6 - -5)/((o/9)/4). Is 11*(g + 37*14) a composite number?
True
Suppose 64*p - 4372 = 61*p + g, -4*g + 5824 = 4*p. Is p composite?
True
Let s be ((-3636)/(-33) - 2) + (-2)/11. Let b be 414/s + (-2)/(-12). Is b - (7 - 3) - -1163 prime?
True
Let s(p) be the third derivative of 13*p**5/6 + 2*p**4/3 + 5*p**3/6 - 10*p**2. Let a be s(6). Suppose -2*w = -9*w + a. Is w composite?
False
Suppose 74769987 = 107*b + 8161096. Is b a prime number?
True
Suppose -79*z + 41*z + 10423218 = 40*z. Is z a composite number?
False
Let l(o) = 3190*o**2 - 25*o + 500. Is l(13) prime?
False
Suppose -5*f + 4*f + 1197806 = -5*v, 5*f + 5*v - 5989060 = 0. Is f composite?
True
Suppose 3*a - 61 = 4*x, 3*x - 2 = 5*a - 34. Is (x - -18)/(1/(-407)) prime?
False
Let g = -17 - -28. Suppose 36 = w + g. Suppose w + 93 = j. Is j a composite number?
True
Suppose -116*t + 573916 + 1798632 = 0. Is t a composite number?
True
Let r(m) = -6*m**3 - 3*m**2 + 2. Let d(f) = -f**3 + f + 5. Let n be d(2). Let k be r(n). Suppose 0 = k*o + 4*p - 4723, 4*p - 3756 = -4*o + 24. Is o composite?
True
Suppose w + 425 = 6*w + 2*q, w - 4*q = 107. Let y = 86 - w. Let m(v) = -3602*v**3 - 3*v**2 - 3*v - 1. Is m(y) prime?
False
Suppose -3*x + 182239 = -5*l + 539263, -2*l + 5*x = -142821. Is l a composite number?
True
Suppose 4401 = 2*r - v, 0 = 450*r - 454*r + 3*v + 8797. Is r a prime number?
True
Is (-23)/(161/(-5697909)) + 12 a prime number?
False
Suppose 9435 = 5*f - d, f = 3*d + 2102 - 201. Let s = -933 + f. Is s a prime number?
True
Let v(d) be the third derivative of 2341*d**5/60 + d**4/8 - d**3/3 + d**2 + 232. Let q(t) = t**3 - 3*t**2 + 3*t - 1. Let j be q(2). Is v(j) composite?
True
Let c = 7140 - -10564. Suppose -2*g + c = 2*q, 7 = -g + 2. Is q composite?
True
Let j = -412 - -417. Suppose -j*r + 6*a - a + 3460 = 0, -680 = -r - 3*a. Is r composite?
True
Is 8/(-44)*1 - 3975093/(-187) a composite number?
True
Suppose 30*i + 5628177 = 117*i - 60*i. Is i a composite number?
True
Suppose -2*y = 5*p - 49 - 304, 5*y + 147 = 2*p. Let j = -65 + p. Is (5 - 8)/(j/(-178)) prime?
True
Suppose -2*l - 8554 + 32018 = 0. Is l/(-4)*(-3 - -2) prime?
False
Suppose -5*d + 20 = 5*d. Suppose 3*n - d*a + 14 + 8 = 0, 5*a - 4 = -n. Is (-4)/n + 5780/60 composite?
False
Suppose -40 = -3*l + 5*z, 2*z = 2*l - 26 + 6. Let a(d) = 29 + d**2 - 459*d**3 - l*d + d + 458*d**3. Is a(-7) a composite number?
False
Let l(x) = 425*x - 378. Is l(13) prime?
True
Suppose 4*y = y. Let k(b) = -4*b + 48. Let d be k(11). Suppose y = d*r - 5*r + 1757. Is r composite?
True
Suppose 5*s - 50 - 310 = 5*y, 0 = 3*y + 4*s + 195. Let o = 66 + y. Is (-2)/o + 87800/24 composite?
False
Let i(o) be the first derivative of 9*o**5/20 + 5*o**4/12 - 11*o**3/6 - 23*o**2/2 - 5. Let a(r) be the second derivative of i(r). Is a(-8) a prime number?
True
Let f be (-140)/12 - ((-4)/(-6))/2. Let r = f - -15. Suppose r*t = 2073 + 4080. Is t composite?
True
Is (12/20 - (-2)/5)/((-1)/(-39079)) prime?
True
Let v = 222076 + 38241. Is v a composite number?
False
Is (-7224 + ((-539)/(-7))/(-7))/(-1*1) composite?
True
Let m be -6840 + -5*24/20. Let a = -4105 - m. Is a composite?
False
Suppos